16. Suppose 0*z + s*z - 5 = 0. Let v(h) = -10*h**3 - 2*h**2 + 1. Determine v(z).
-11
Let u be (-2 + -19)/((-17)/(-4) - 5). Suppose -17*q + u = -10*q. Let r(w) = -w**3 + 4*w**2 + 2*w - 5. Calculate r(q).
3
Let r = -392 + 398. Let w(u) be the second derivative of -3*u**2 + u**3 - 2*u + 0 - 1/12*u**4. Give w(r).
-6
Suppose -54*b + 31 + 185 = 0. Let c(z) = z**2 - 16. What is c(b)?
0
Let p(h) = h - 5. Let z(i) = 2*i - 23. Let m(n) = -p(n) - z(n). Calculate m(12).
-8
Suppose 0*g - g = -z, 3*g + 16 = -z. Let a(t) = t**2 - t - 2. Give a(z).
18
Let b(g) = -3*g**2 + 7*g. Let d be (-14 - -4)*((-52)/(-8) - 7). Give b(d).
-40
Suppose -3*s - 5*d = s - 35, -s = -2*d + 1. Let u(a) = a + 0*a + 4 - s*a + 2*a. Let n(y) = -y**2 + 5*y. Let b be n(4). Give u(b).
-4
Let m be (4/6)/((-110)/(-825)). Let n(w) = w**3 - 7*w**2 + 6*w + 7. What is n(m)?
-13
Let u(i) = -3*i**3 - 2*i + 4 - 5*i**2 + 3*i**3 - i - i**3. Suppose 3*g = 9, 3*z - 5*z + 4*g = 2. Suppose z*x + 25 = 5*t, 3*x = 2*t - 10 - 4. Give u(x).
0
Suppose -5*k + 2*k + 29 = 2*j, -45 = -3*j - 3*k. Let f(h) = -h - h**3 - j*h**2 + 2 + 2*h**2 + 8*h**2. Give f(-6).
8
Let s(z) be the second derivative of z**3/6 + 2*z**2 - z. Suppose 0 = 11*y - 15*y - 24. Let t be (60/18)/(1*4/y). Calculate s(t).
-1
Let n be (2/(-6))/(29/(-174)). Let y(u) be the first derivative of -u**4/4 - u**2 + u - 3. Give y(n).
-11
Let k(n) = n**3 - 7*n**2 + 8*n - 9. Let b be 49*1 + 0/(-3). Let c = 55 - b. Give k(c).
3
Let u(h) = -3*h + 7*h + 15 - 19. Suppose 7*v - 5*v + 6 = 0. Give u(v).
-16
Let h = 34 + -24. Let u(z) = 11*z + 1 - h*z - 5*z. Calculate u(5).
-19
Let g(l) = -6*l**2 + l - 1. Let r be g(1). Let a be (-12)/r - 1*-1. Let n(t) = 3 - a + t. Calculate n(-3).
-3
Let q be 4 - (-9)/(54/(-24)). Let w(r) be the second derivative of 0 + q*r**3 - 1/3*r**4 - 1/20*r**5 + 1/2*r**2 - 3*r. Determine w(-3).
-8
Let t = -73 - -4. Let m = t - -75. Let j(o) be the first derivative of -o**4/4 + 7*o**3/3 - 7*o**2/2 + 3*o - 1. What is j(m)?
-3
Let p(m) = -m**2 - 3*m - 4. Let f = 929 - 935. What is p(f)?
-22
Let t(s) = -s**3 + 11*s**2 + 23. Let l(u) = -2*u**3 + 9*u**2 + 24. Let w(i) = 2*l(i) - 3*t(i). Calculate w(-15).
-21
Let f(p) be the third derivative of p**5/20 + 19*p**4/24 - 2*p**3/3 + 4*p**2. What is f(-7)?
10
Suppose 0*l + 3*l - 9 = p, 4*p - 6 = -2*l. Let y(r) = -r**2 - 3*r + 2. Let d(v) = -4*v**2 - 14*v + 11. Let c(m) = d(m) - 5*y(m). Give c(l).
13
Let l(j) be the first derivative of j - 9 - 5/2*j**2. Determine l(2).
-9
Let g(x) = x**2 + x + 1. Let d(m) = 3*m**2 - 4*m - 5. Let f(c) = -d(c) - 4*g(c). What is f(1)?
-6
Let m(a) be the third derivative of -a**5/12 + a**3/6 + 40*a**2. Determine m(-2).
-19
Let h(r) = -11*r + 44. Let j(n) = 3*n - 16. Let z(m) = 2*h(m) + 7*j(m). Calculate z(-9).
-15
Let y(s) = 2*s**3 - 21*s**2 + s - 19. Let x(r) = -3*r**2 - 1. Let t(z) = 5*x(z) + y(z). Calculate t(18).
-6
Let m(f) = f**3 - 4*f**2 + f + 3. Let j be 51 + -55 - ((-7)/1 - 1). Give m(j).
7
Suppose 32*k = -1 - 31. Let i(r) = -2*r**2 + 2*r + 1. Calculate i(k).
-3
Let c be (1 + 4 + -2)/3. Let s(a) = -2*a + 2. Let i(d) = 3*d + 7. Let x(b) = -i(b) + 3*s(b). Calculate x(c).
-10
Let q(k) = k**2 - 48*k - 3. Let s(o) = -o**2 + 12*o + 1. Let u(f) = -q(f) - 4*s(f). Determine u(1).
2
Suppose 2*p - 1 = -11. Let x(y) = 3*y**3 - 9*y**2 + 6*y + 9. Let a(v) = -4*v**3 + 10*v**2 - 7*v - 10. Let s(t) = 4*a(t) + 5*x(t). Calculate s(p).
-5
Let u be -4*(-28)/16 - (-1 + 1). Let r(c) = 3 - 3*c**2 + 2*c**2 + 6*c - 2*c**2 + 2*c**2. Determine r(u).
-4
Let t be (2 - 5)*(8 + -6)*-1. Let v(n) = n**3 - 5*n**2 - 2*n - 8. Determine v(t).
16
Let m(n) = -8*n - 1 + 10 - 10. Suppose 19*i - 18*i + 1 = 0. Give m(i).
7
Let n = -35 - -35. Let g be -8*(-4 + n)/8. Let w(a) = -a + 5. What is w(g)?
1
Let f = 300 + -1799/6. Let v(o) be the second derivative of -11/12*o**4 - 2*o + 0 + f*o**3 + 1/2*o**2. Give v(-1).
-11
Suppose 0 = -23*q - 115 + 23. Let v(y) be the second derivative of -y**5/20 - y**4/3 - y**2 - y. Let g be v(q). Let k(p) = -3*p - 2. Give k(g).
4
Let c(o) = 4694 - 2*o - 4719 + 0*o. Determine c(-12).
-1
Let x(l) be the third derivative of -1/2*l**3 + 0*l + 7*l**2 + 1/8*l**4 + 0. Give x(2).
3
Let v(n) be the second derivative of -n**6/120 - 7*n**5/60 + n**4/3 - n**3/3 + 23*n**2/2 - 21*n. Let o(q) be the first derivative of v(q). Determine o(-8).
-2
Let w be ((-8)/6)/(8/(-36)). Let m(q) = w*q - q**2 - 3 + 2 - 3 - 13*q. Let b be m(-6). Let a(o) = 2*o**2 - o + 2. Calculate a(b).
8
Let j(t) = -12 - 4*t + 2*t - 9*t - 62*t**2 + 61*t**2. Determine j(-10).
-2
Let w(u) = -u**3 + u**2 + 2*u - 2. Suppose 5*l = 25, -5*l = 4*f - 22 - 19. What is w(f)?
-42
Let x(f) be the second derivative of f**4/12 + f**3 - f**2 - f + 6. Give x(-6).
-2
Suppose 4*f = -3*m - 10, 25*m - 26*m + 2 = 4*f. Let x(w) = -w - 5. Give x(m).
1
Let r be 1 + -3 + 3 + -3. Let h(b) = -3*b**3 + 4*b**2 + 4*b + 3. Calculate h(r).
35
Let j(u) = u**2 + 13*u + 7. Let v = 927 - 939. Determine j(v).
-5
Let q(v) = 5*v - 25. Suppose -39*a = -14*a - 150. Calculate q(a).
5
Suppose -l - 4 = l, -v = l - 82. Let k(a) = -v*a + 43*a - a**2 + 0*a**2 + 44*a - 1. Determine k(3).
-1
Suppose 0 = 3*n - 4*y + 13, 5 + 14 = -5*n + 4*y. Let a(g) = g**3 + 3*g**2 - 2. Let t be a(-2). Let v(r) = 4 + 2*r + 0 + r**3 - 7*r + 2*r + 2*r**t. What is v(n)?
4
Let z be -3 + 1 + 12/((-72)/(-30)). Let d(v) be the third derivative of -5*v**2 - 1/3*v**z + 0 + 0*v - 5/24*v**4 - 1/60*v**5. Calculate d(-4).
2
Suppose -n = 2*n - 9. Let d(s) = -8*s**2 + 3 + 6*s + 3*s + n*s**2 + 8*s**2. Let i(f) = 2*f**2 + 4*f + 2. Let r(t) = 3*d(t) - 5*i(t). Calculate r(6).
5
Let c(y) = -3 - 14*y**2 + 9 + 13*y + 5*y**2 + 13*y**2. Calculate c(-4).
18
Let k(q) = q**3 + 6*q**2 + 4*q - 3. Suppose c - 1 = -i, -2*c - 3*c - 45 = -5*i. Let p be -2 + (c - (1 - 3)). What is k(p)?
13
Let x(r) = -22*r + 20. Let j(l) = 26*l - 23. Let a(n) = -7*j(n) - 8*x(n). Suppose 0 = 2*q - q - 1. Suppose -k - 2 = -q. Calculate a(k).
7
Let z(y) be the third derivative of y**7/2520 - 7*y**6/720 - y**5/12 - y**4/12 - y**3/6 + 22*y**2. Let f(b) be the second derivative of z(b). Determine f(7).
-10
Let p(y) = 2*y**2 - 22*y - 3. Suppose 2*x + 3*g = 7, 4*x - 6*g - 54 = -4*g. Calculate p(x).
-3
Let n(i) = -i - 6. Let w be n(2). Let b be (-4)/w - 6/(-4). Let y(t) = 11*t - 18*t - 2 + 3*t. Give y(b).
-10
Let w(q) = 2*q**2 + 11*q + 7. Let a(y) = 3*y**2 + 11*y + 6. Let t(z) = -3*a(z) + 4*w(z). Give t(12).
-2
Let o(l) = -l**2 + 5*l - 5. Suppose 16*u - 11*u = 165. Suppose -41*j + 40 = -u*j. What is o(j)?
-5
Suppose 45*p - 60*p = -30. Let s(o) = 2*o + 1. Calculate s(p).
5
Let k(d) = -d**2 + 9*d + 22. Let m be 5 - (-2 - -6 - 10). Give k(m).
0
Suppose 1 + 7 = g. Let c = g + -4. Let t(v) be the third derivative of -v**4/24 - v**3/3 + 2*v**2 + 5*v. What is t(c)?
-6
Suppose -2*w = -5*b - 4*w + 54, 21 = b - 3*w. Let y(u) = 6*u - b - 8 - 2 + 25. Let p(v) = -v**3 + 4*v**2 - 4*v + 1. Let a be p(3). What is y(a)?
-9
Let i be 2/24 - 10/(-60). Let m(l) be the first derivative of -5/2*l**2 - 4 + l + 5/3*l**3 - i*l**4. Give m(4).
-3
Let m(j) be the third derivative of -j**6/120 - j**5/30 + 5*j**4/24 + j**3 + 10*j**2 + 5. Give m(-3).
0
Let o(b) = b**2 + 4*b - 2. Suppose 3 = j - 1. Suppose 3*k - 10 = j*h - 2*h, k = -h - 5. Suppose k*m + 20 = -4*m. Give o(m).
3
Let f(n) be the second derivative of -15*n - 1/6*n**3 + 0 + 1/2*n**2 - 1/12*n**4. What is f(-2)?
-1
Suppose -7 = -4*l + p + 4*p, -11 = -3*l - 2*p. Let b be (l/2)/(15/(-20)) + 8. Let a(o) = o**2 - 4*o - 2. Determine a(b).
10
Let a(d) = 1 + d**3 - 8*d**2 - 7*d**2 + d**2 + 9*d + 4*d. Let w be a(13). Let n(h) = -21*h + 1. What is n(w)?
-20
Let w(r) = -r**3 + 2*r**2 - r. Let h be w(1). Suppose h = -4*x + 20 + 24. Let a(m) = m**3 - 11*m**2 + m - 11. What is a(x)?
0
Let q be -1*(2 - 4 - -3). Let i be (4 - 3) + -1 - (3 - q). Let r(a) = a**2 + 3*a + 2. Give r(i).
6
Let u(i) = 10*i + 19*i - 2*i**2 - 9*i + 4*i**2 - 3*i**2 + 8. What is u(20)?
8
Let i be 8/3 + (-6)/(-18). Let g(l) = -i*l - l + 3*l - l. Calculate g(3).
-6
Suppose -9 + 0 = -3*m. Let j(v) = -10 + 17*v + v**3 + m + 5*v**2 - 24*v. What is j(-6)?
-1
Let i be (0 - 0 - 2) + 1. Let c(k) = 18*k**2 + 2*k + 1. Calculate c(i).
17
Let f(s) = s**3 + 3*s**2 + 5*s - 8. Let o be f(-4). Let t = -45 - o. Let w(n) = 4*n**2 + 2*n + 1. Determine w(t).
3
Let g = -1032 - -1